 = 4*f - 51. What is the remainder when f is divided by d?
22
Suppose 3*y - 17 - 7 = 0. Calculate the remainder when ((-3663)/(-12))/11 + 2/y is divided by 6.
4
Suppose 4*w - 8 = 0, -n = w - 4*w + 4. Suppose i = 3*i - a - 229, -247 = -n*i - 5*a. Calculate the remainder when 71 is divided by (-8)/6 + i/6.
17
Suppose 2*d + 214 = 5*f, 3*d + 317 = 5*f + 101. Suppose 193 = 2*u + 3*l + 16, 5*u - 410 = -l. What is the remainder when u is divided by f?
39
Suppose 0 = -13*r + 36*r - 1978. What is the remainder when 333 is divided by r?
75
Let d(n) = n**2 - n - 1. Let v be d(2). Let x = v - -7. What is the remainder when ((-464)/(-64))/(4/16) is divided by x?
5
Let p(t) = 10*t + 26. Suppose 2*k - 6 + 46 = 0. Let l be p(k). What is the remainder when (l/(-5))/(36/90) is divided by 30?
27
Suppose s = 3*t - 1306, -t = s - 302 - 140. Calculate the remainder when t is divided by 22.
19
Suppose 7*c - 2*c - 335 = 0. Let q(z) = z**2 + z - 5. Let j be q(0). Let x(w) = -w**3 - 4*w**2 + 2*w + 2. Calculate the remainder when c is divided by x(j).
16
Suppose 4*y - 180 + 44 = 0. Let d = -6 + 10. Let j = 8 + d. What is the remainder when y is divided by j?
10
Suppose -2*b - 2*b = -8. What is the remainder when (-660)/88*2/(-3) is divided by b?
1
Let t = -11 + 15. Suppose -3*f - 3 = -0*f, a - t*f - 11 = 0. What is the remainder when 20 is divided by a?
6
Let w be (-28)/4 + 3 + 11. Suppose 11*r = w*r + 108. Calculate the remainder when r is divided by 14.
13
Suppose -48*k - 6*k = -324. What is the remainder when 10 is divided by k?
4
Let w(r) = 29*r + 181. Let q = -5 - -7. Suppose q*y - 12 = -y. Calculate the remainder when w(-6) is divided by y.
3
Let k(c) = -48*c - 142. What is the remainder when 191 is divided by k(-5)?
93
Let j(q) = -32*q - 148. Calculate the remainder when 231 is divided by j(-7).
3
Let c = -19 - -30. Suppose h = 2*h - 5*i + 199, -5*h + 2*i = 903. Let d = h - -195. Calculate the remainder when d is divided by c.
5
Let g(o) = -o**2 - 29*o - 19. Calculate the remainder when g(-12) is divided by 31.
30
Let k = 306 - -142. What is the remainder when k is divided by 15?
13
Let f = 509 + -482. Suppose -3*j = -4*j + 3. Suppose -29 = -3*z + n, -j*z + 7*n = 4*n - 27. Calculate the remainder when f is divided by z.
7
Let b = -30 + 19. Let d(z) = 4*z + 49. Calculate the remainder when 24 is divided by d(b).
4
Let y = 39 - 6. Let p = 1 + y. Calculate the remainder when p is divided by 18.
16
Let n be (25/15)/5 - (-38)/3. Suppose 0 = -n*o + 167 + 262. Let m = 9 + 3. Calculate the remainder when o is divided by m.
9
Suppose -359 - 26 = -7*f. Calculate the remainder when 218 is divided by f.
53
Suppose -2525 = -32*z - 573. Calculate the remainder when z is divided by 5.
1
What is the remainder when (-180)/40*(-292)/3 is divided by 20?
18
Calculate the remainder when (240/(-42))/(-10) - (-1186)/7 is divided by 4.
2
Let c(l) = -l + 32. What is the remainder when c(18) is divided by ((-3)/(-2))/((-3)/(-12))?
2
Let y(z) = -z**3 + 15*z**2 - z + 13. Let l be y(15). What is the remainder when (-1956)/(-48) - (l - (-7)/4) is divided by 15?
11
Let x be -1*(-3)/(12/332). Suppose x = 4*f + 47. What is the remainder when 187 is divided by f?
7
Let n(o) = 11*o**3 + 2*o**2 + 6*o - 6. Suppose 2 + 4 = 3*i. What is the remainder when n(1) is divided by i?
1
Suppose -18*r + 304 = r. Suppose -4*d + 9 = -3. Calculate the remainder when r is divided by d.
1
Suppose 0 = -17*d + 94 + 93. What is the remainder when 85 is divided by d?
8
Let v = 127 - 99. Suppose 29*m - v*m = 33. What is the remainder when m is divided by 9?
6
Suppose 0 = -5*t - 2*y + 204 - 72, -4*t - y = -105. What is the remainder when 1247 is divided by t?
25
Suppose -76 = -z - 30. Suppose 3*c - 4*w + 56 = -c, -5*w = -3*c - z. What is the remainder when 3 is divided by (8 - 1)*c/(-28)?
0
Let m(n) = 27*n**2 + 160*n + 13. What is the remainder when 114/(-4)*12/(-9) is divided by m(-6)?
13
Suppose -7 = t - 43. Let j = t - 28. Calculate the remainder when 39 is divided by j.
7
Suppose -2*b = -3*s - 0*s - 314, 0 = b + s - 167. Suppose 0 = 4*m + r - 6 - b, 5*m = r + 200. What is the remainder when m is divided by 14?
13
Suppose 5*l = -3*v + 50, -7*v + 3*l - 63 = -11*v. Let x(n) = -2*n**2 + 33*n - 6. What is the remainder when x(v) is divided by 10?
9
Suppose v = 53 + 72. What is the remainder when v is divided by 18?
17
Let b be 4/3*9/6. Let k be 132/28 + (-4)/(-14). Suppose i - 3*i + 4*c + 40 = 0, -b*i = k*c - 13. What is the remainder when i is divided by 9?
5
Let k(u) = u**2 - 21*u + 9. Let p(v) = v**2 - v. Let c(y) = k(y) - 2*p(y). What is the remainder when 127 is divided by c(-17)?
41
Let n be 0 + (4*20)/4. Calculate the remainder when 6/(-15) + 510/25 is divided by (n/(-30))/(4/(-42)).
6
Let q = -448 - -473. Calculate the remainder when 98 is divided by q.
23
Let t(w) = 11*w**3 - 2*w**2 + 1. Let n be t(-1). Let u = n - -13. Calculate the remainder when 15 is divided by u + 10 + (-8 - -6).
6
Suppose 8*q - 185 = 3*q. Let y(c) = c**3 + 11*c**2 + 21*c + 4. What is the remainder when q is divided by y(-3)?
11
Suppose 3*t = 7*t - 8, 5*c + 5*t = 260. Calculate the remainder when 198 is divided by c.
48
Let l(z) = z**3 - 8*z**2 - 7*z - 11. Let x be ((-2)/4)/((-6)/108). What is the remainder when 19 is divided by l(x)?
5
Let h = 47 + -30. Let m = h + -6. Let c = 26 - m. Calculate the remainder when 58 is divided by c.
13
Let t = 51 - 31. Suppose -15*l + 19*l = 40. Let j(c) = -c**2 + 13*c + 8. What is the remainder when j(l) is divided by t?
18
Let y = -277 - -363. Calculate the remainder when y is divided by 22.
20
Let z be 2 + 58/2 + 1. Let c = -4 + z. Suppose 210 = -307*j + 321*j. Calculate the remainder when c is divided by j.
13
Suppose 0 = -3*a + 2*c - 11, 0*a + 3*a - 4*c = -1. Let v(m) = -4*m - 3*m + 1 + 3*m. Calculate the remainder when v(a) is divided by 16.
13
Let h(s) = s + 29. Let t be 4/1 + (-40)/10. Suppose -4*f + 6*f = -w + 30, -5*w - 60 = -4*f. What is the remainder when h(t) is divided by f?
14
Let z(h) = -h**2 - 15*h - 35. What is the remainder when (230/(-25))/((-4)/10) is divided by z(-11)?
5
Suppose 43*n - 13*n = 660. Calculate the remainder when 62 is divided by n.
18
Let d = 5 + 17. Let k(p) = 3*p - 31. Calculate the remainder when k(43) is divided by d.
10
Let z = -324 + 328. Let w be (-1)/(-3) + (-56)/(-3). Suppose -9 - w = -z*c. Calculate the remainder when 27 is divided by c.
6
Let v(d) = 18*d - 33. Let q = -47 - -51. What is the remainder when v(q) is divided by 12?
3
Let u(f) = 74*f**2 + 2*f - 1. Let m be u(1). Let c(w) = w**2 - 24*w + 23. Let i be c(23). Suppose i*r + m = 3*r. What is the remainder when 72 is divided by r?
22
Calculate the remainder when 31 - ((-20)/5 - -11) is divided by 14.
10
Suppose -6*m - 14 = -44. Suppose -l + 20 = 2*d, 4*l = m*d - 4*d - 19. What is the remainder when 41 is divided by d?
8
Calculate the remainder when 816/(-96)*(-2 - 0) is divided by 8.
1
Let c(r) = 9*r - 22. Let y be c(-7). Let p = 2 - y. Calculate the remainder when p is divided by 22.
21
Suppose -3 = -2*x - 5. Suppose -7*h - 19*h = -1456. What is the remainder when h is divided by (2 + 27)/(0 - x)?
27
Suppose -28*m = -31*m + 78. Suppose 13 - 73 = -4*f. Calculate the remainder when m is divided by f.
11
What is the remainder when 0 + 2 + -144*(-27)/36 is divided by 66?
44
Suppose k - 4*r = 21, -19 = k + 4*r - 8. Suppose 0 = -k*u + q + 160, -4*u + 0*q - 5*q = -99. What is the remainder when u is divided by 17?
14
Let c(y) = -99*y + 819. What is the remainder when 40 is divided by c(8)?
13
Suppose 44*f - 62*f + 360 = 0. Calculate the remainder when (-4)/14 + 718/14 is divided by f.
11
Let y = 116 - 95. What is the remainder when 111 is divided by y?
6
Let g(h) = -4*h - 3. Let r = 87 + -83. Suppose a - 2*a + r = 0. What is the remainder when g(-2) is divided by a?
1
Suppose 0*m = 4*m - 8. Suppose 4*q - 14 = m*p, 2*q + 4*p = -1 - 7. Suppose -q*f + 48 = 2*f. What is the remainder when f is divided by 5?
2
Suppose 7 - 6 = -z. What is the remainder when 70 is divided by 72/(-3)*(1 + 2*z)?
22
Suppose 11 + 3 = 2*f. Suppose -f*u - 50 = -2*u. Let k = u + 29. Calculate the remainder when k is divided by 11.
8
Suppose 2*u + 58 = 4*u. Suppose 4 - 49 = -3*m. What is the remainder when u is divided by m?
14
Let z = -